-2 + 3)))?
-2
(39 + -27 - (4 - 0)) + -6
2
Evaluate -2 - (-2 + (3 + -7 - -3)).
1
What is the value of 1 + -7 - (-9 + (24 - 12))?
-9
What is the value of 7 + 0 + 62 + -69?
0
Evaluate (2 - -1) + -3 + 2.
2
Evaluate -5 - (-9 + -1 + -3).
8
Calculate (3 - 2) + (-37 - -31).
-5
Evaluate -5 - ((-4 - -3) + (3 - 5)).
-2
Evaluate (0 - 8) + (12 - 1).
3
Calculate (-6 - (-2 - 10)) + -8.
-2
Evaluate 7 + -3 - (1 + 2 - -3).
-2
What is the value of (9 - 14) + -2 + 2?
-5
(6 - 5) + 4 - -1 - 10
-4
Calculate -5 + (2 - 1 - -1) - -3.
0
What is 40 - 35 - (1 + 1)?
3
43 + -43 - (-3 + 2)
1
What is 9 - (1 + -5 + 8)?
5
Calculate -11 + 15 + -8 + 1.
-3
Evaluate (-7 + 0 - -4) + 1 + -1.
-3
5 + (2 - 6) + (-7 - -10)
4
What is the value of -6 - 0 - (-3 - 0) - 0?
-3
0 - (5 + -3 + -6)
4
Calculate -6 - (-4 - 0) - (0 + 0).
-2
Calculate (-1 - -6) + (-4 - 2).
-1
Calculate -2 - (-1 + -6 + -17 + 18).
4
What is (-13 + 32 - 14) + (-7 - 0)?
-2
Evaluate (-2 - (-3 + 4)) + (-2 - 1).
-6
Calculate -8 + 1 - (-17 - (-2 - 12)).
-4
Calculate -2 - (1 - (-5 - -3)).
-5
Evaluate (1 - 4 - (58 - 57)) + 1.
-3
Calculate (6 - 2) + -8 + 2 + 8.
6
What is 1 + 1 + (-2 - 7 - -7)?
0
Evaluate (-4 - -2) + 1 + (-8 - -8).
-1
What is 0 + (-3 - -5 - 6)?
-4
-2 + (17 - 10) + -4 + 1
2
What is (-4 - -4 - 6 - -11) + -7?
-2
Evaluate 3 + (-2 - (-6 - -4)).
3
Evaluate -35 + 37 - (6 + -1) - -3.
0
Evaluate (-3 + 2 - 0 - 1) + 4.
2
Evaluate 1 - 0 - (-9 + 9).
1
What is -40 - -38 - (-3 + 0)?
1
What is the value of 13 - 1 - (24 + -15)?
3
What is the value of 6 + -9 + -2 + 0 + 1?
-4
What is -9 + 11 - -6 - (-1 - -4)?
5
Calculate (7 - 22 - -7) + 4.
-4
-15 + 6 + 6 + -3
-6
What is the value of (0 - 3) + 0 + 9?
6
Calculate -7 + ((-1 - -3) + 3 - 3).
-5
What is the value of 0 + -1 + 5 + (-4 - -5)?
5
What is (4 - (-10 + 12)) + (-5 - 1)?
-4
What is the value of -5 - (14 - 6) - -8?
-5
Evaluate 0 - 0 - (-25 + 28).
-3
What is the value of -5 + (4 - 2) + -2?
-5
5 + -8 + -6 + 9
0
Evaluate (7 - 0) + (-1 - 6).
0
What is 16 + -5 + -6 + -2?
3
What is -1 + 1 - (4 - 8 - -6)?
-2
What is the value of -4 + 1 + 6 - (-2 - 0)?
5
(-4 - (-5 - -2)) + 2 + 2
3
What is -4 + 12 + 3 + -10?
1
What is the value of 11 + (-1 - 0) + 1 + -5?
6
What is the value of -2 - (-2 - (4 - 4))?
0
What is the value of 5 + -9 + 0 + 3?
-1
Calculate (-1 - (-9 - -1)) + 2 + -4.
5
What is -4 + 19 - 7 - 7?
1
Evaluate (1 - 1) + 10 + -7 - 2.
1
Evaluate -10 + 13 + (-5 - 1).
-3
Evaluate 1 - -2 - (-29 + 31).
1
What is the value of 13 + -12 - (0 + 1) - 4?
-4
4 - (-3 + 5) - 5
-3
Calculate -5 + 3 - (-14 + 16).
-4
4 + -10 + 3 - 2
-5
Evaluate -5 + (-1 + 4 - -11) + -5.
4
What is 5 - -3 - (1 + -1 - -2)?
6
Evaluate 0 - (-9 - -14) - -6.
1
What is the value of (25 - 20) + -9 - (-11 - -1)?
6
Evaluate -2 - 0 - (-5 + 4).
-1
Evaluate -146 + 144 + (-2 - (2 + -1)).
-5
Calculate (-4 - 4 - -6) + -1 + 7.
4
-50 + 54 - (5 - (-1 + 1))
-1
-2 + 12 - (-15 + 18)
7
What is the value of 0 + 8 - 4 - 7?
-3
What is (0 - -3) + -6 - -3?
0
What is the value of 4 + (-3 - 12) + -1 + 9?
-3
Evaluate 3 - (-3 + (1 - -3)).
2
-4 + 8 + (-13 - -6) + 4
1
Calculate 0 + 2 + -2 + 6 + -13.
-7
1 + 5 + -5 + 1
2
What is 4 + -7 + (6 - 4) + 2?
1
10 + -12 + -7 + -1
-10
Evaluate 1 + 0 + 0 - (-2 - 1).
4
2 + -8 - (-2 - -1)
-5
Calculate 55 - 47 - (5 + 0 + 1).
2
What is the value of -16 - -22 - (-1 + 5 + 0)?
2
What is the value of -1 + -2 + 2 - -5?
4
Calculate -6 - -2 - (-16 - (-20 + 11)).
3
(4 - 3 - -2) + -5 + 6
4
Evaluate (-4 - 1) + (4 - 3) + -1.
-5
What is the value of (2 - 6) + 3 - -4?
3
Calculate (2 - (0 + (-4 - -8))) + -2.
-4
What is (-4 - (-4 + -5)) + -5?
0
Evaluate (-3 - (-2 - 4)) + 1.
4
What is the value of (-1 - -4) + -2 + 1?
2
What is the value of -5 - (-3 + 1 + -3 + 2)?
-2
Evaluate (-8 - 0) + -11 + 23.
4
8 + -3 - 7 - -7
5
What is the value of 4 - (7 + -8 + 2)?
3
-2 + 2 + -5 + 0 - -3
-2
What is the value of 0 + -1 - (2 + -2 - -1)?
-2
What is -2 + (2 - 2) + 15 + -7?
6
Evaluate 2 + -3 + 4 - (14 + -8).
-3
-2 + (5 - (-1 - (-2 + 1)))
3
Evaluate (-5 - (-1 - -4)) + (4 - 2).
-6
Evaluate -5 + (4 + -1 - 4) + 1.
-5
Calculate -6 - 8 - -11 - -5.
2
Evaluate (2 - (-1 + 3)) + 0 + 0.
0
What is the value of 5 - (4 - (3 + -2))?
2
What is -6 - -8 - -6 - 6?
2
What is the value of 2 + -1 - (-39 - -37)?
3
Calculate 3 - (2 + -1 + 2 + -4).
4
Calculate -7 + 1 + (0 - 1).
-7
(5 - (1 - -10)) + (5 - 5)
-6
What is the value of -3 + -2 + 5 + 3?
3
Evaluate 0 - (7 - (11 - 4 - 3)).
-3
1 + -22 + 4 + 6
-11
What is the value of -9 + 7 - (1 + 2)?
-5
What is the value of -1 + 5 + (-10 - (1 + -10))?
3
Evaluate -1 - (-4 + 0 + 3 + -2).
2
Calculate 3 + -6 + (7 - 0) - 6.
-2
What is the value of 1 + -5 + 1 + 8?
5
Calculate 1 + 6 + 0 + (3 - 6).
4
Evaluate 21 + -18 - (2 - 0).
1
(9 - 0 - 11) + (-1 - 2)
-5
Calculate 1 + 0 + -5 - -8.
4
0 + 1 + -3 - (15 + -12)
-5
0 - 3 - -2 - -2
1
What is -8 - -11 - 8 - (8 + -4)?
-9
Calculate 8 - 2 - (-4 + 12).
-2
(7 - 1) + -40 + 39
5
What is the value of -8 + 6 + -13 + 6 + 5?
-4
What is the value of 2 - (0 + -2 + 6 + 0)?
-2
What is the value of 5 + -10 + 1 - 0?
-4
Evaluate 5 - (7 - 4) - (2 + 1).
-1
Evaluate -9 + 6 + -1 + 1.
-3
Calculate -2 + -5 - (-1 + (-2 - -1)).
-5
Calculate -3 - (16 + -11 + -2).
-6
What is (0 - (-4 + 5)) + 1 + -3?
-3
10 + -4 + (5 - 3)
8
What is the value of -8 - (-3 - (6 - 4))?
-3
Evaluate 10 + -6 + 4 + -8.
0
What is 1 - (4 + -2 + -3)?
2
Evaluate -6 + 3 - (5 + -7).
-1
-2 + -6 + 6 - 0
-2
Calculate -3 + (3 - 2) + 1 - -4.
3
What is the value of 7 + (-9 - (-1 - 6))?
5
Calculate -4 + (-1 + 2 - -6).
3
What is the value of -5 + (-2 - -10) - -2?
5
Evaluate -12 - (-7 - -2) - -4.
-3
What is -5 + (12 - 3) + 1?
5
What is the value of -12 + 7 + 10 - (1 - -3)?
1
6 - (3 + 0) - (-2 - -3)
2
Evaluate 6 + -14 + 3 + -1.
-6
What is (-5 - (-2 + -2 + 5)) + 1?
-5
Evaluate 3 - (-1 + 4 + -1).
1
Evaluate (1 - (5 + -8)) + -8 + -1.
-5
Calculate 1 - (3 + 4 + (3 - 8)).
-1
What is the value of (-3 - (8 + -5 + -7)) + -1?
0
Calculate (2 + -2 - 3) + 6.
3
What is (0 + -4 - -3) + (1 - 0)?
0
Evaluate 1 + -6 + 5 + -2 + 0.
-2
What is the value of 1 - (-1 - -1) - (-23 - -26)?
-2
What is the value of 12 - (-8 - -17) - 11?
-8
What is the value of -3 - (5 + -9) - (4 + 1)?
-4
Calculate (7 - (-1 - -8)) + 1.
1
What is the value of -1 + (4 - 5 - (3 + -6))?
1
Calculate 4 + -10 + 9 - (5 + 0).
-2
12 + -8 - 6 - 4
-6
0 - (-2 + (2 - 2))
2
Evaluate -7 - ((19 - 7) + -19).
0
Calculate -11 - ((3 - -1 - 12) + 6).
-9
Evaluate -9 - (-6 + -7 + 4).
0
What is 10 - (12 + -8 - -7)?
-1
Calculate -8 - (2 + -24) - 8.
6
Calculate 1 + -5 + 1 + 8.
5
(0 - 0) + 9 + -12
-3
What is (1 - 12) + 1 + 14?
4
What is 1 + -2 + (-4 - -2) + 1?
-2
8 - (0 - -6 - 0)
2
Calculate (0 - -2) + (-6 - -16 - 8).
4
What is (141 - 146) + (11 - -1)?
7
7 + (-6 + 7 - 10)
-2
(7 + -9 - 9) + 10
-1
What is -8 + 3 + 4 + 0?
-1
What is -1 + 0 - (13 + -12)?
-2
Evaluate 1 - -5 - (10 + 2 - 7).
1
Evaluate -6 + (11 + (2 - -2) - 5).
4
Calculate -4 + -1 + 8 - (-1 + 4).
0
Calculate -2 + -2 + -1 + (44 - 38).
1
What is -9 + 1 + -1 + (-10 - -12)?
-7
Evaluate -4 - (0 - 5) - 2.
-1
-15 + (15 - -7) - (2 - 3)
8
-1 - (3 - (1 + (5 - 1)))
1
What is -1 - (3 - -4) - (-6 - 1)?
-1
What is -1 + -3 - (9 + -17)?
4
Calculate (4 + 4 - (4 - -2)) + 2.
4
9 - (-1 - (-8 - (4 + -8)))
6
Calculate -1 + (9 - 16 - -10).
2
Calculate -109 + 108 + (0 - (-4 - -1)).
2
Calculate -1 + (5 - 1) + (20 - 25).
-2
What is the value of (-3 - 3) + 1 - -4?
-1
What is 0 + -1 + 0 - (321 - 322)?
0
What is (-1 - -3) + (5 - (13 + -7))?
1
-4 + 10 + 1 + (-1 - 1)
5
Evaluate 4 + 8 + 3 + -11.
4
Evaluate (1 + -5 - 0) + 0 + 1.
-3
Evaluate -3 + (-4 - -4 - (2 + -4)).
-1
Evaluate (-1 - 1) + -12 + (-6 - -26).
6
1 - 0 - (-73 + 79)
-5
What is the value of 8 - 3 - 6 - -5?
4
Evaluate -2 - -2 - (-1 + (-1 - -1)).
1
Calculate (2 - (0 + 3)) + 5.
4
-3 - -9 - (-6 - -9)
3
1 - 4 - (-4 - (3 + -3))
1
Evaluate -9 + 1 - (13 - (-5 + 21)).
-5
Calculate -2 - -3 - (-7 - -5) - 14.
-11
What is 2 + -5 + 6 - 5?
-2
Evaluate 8 + (-8 - -8) + -6.
2
Calculate 0 + (1 + -4 - (-6 - -3)).
0
Evaluate -1 + 4 - (-1 - (-1 - 0)).
3
3 + -5 + 2 + 7
7
What is -5 - (5 - (-6 + 23 + -4))?
3
Calculate -6 + 4 + 15 + -12.
1
What is -8 - (0 + 1 + (0 - 4))?
-5
Evaluate -6 - (-4 + 3 + -4 + 3).
-4
Evaluate 0 - (2 + (-6 - -4) + -6).
6
Evaluate (6 - 3) + -3 - -5.
5
What is 10 + 7 + -7 - 17?
-7
Evaluate (2 - -4) + -1 - 3.
2
What is the value of (2 - (1 + 1)) + -1 + 1?
